ommon divisor of 1210 and 18795172.
242
Calculate the greatest common divisor of 116412 and 9164508.
1068
What is the greatest common factor of 3654896 and 616?
56
What is the greatest common factor of 132 and 4989468?
132
Calculate the highest common divisor of 507984 and 1063696.
304
What is the greatest common divisor of 29063728 and 10960?
2192
Calculate the greatest common factor of 469499 and 1937.
149
Calculate the highest common factor of 104 and 17690088.
104
Calculate the highest common divisor of 4500 and 13879800.
900
Calculate the greatest common factor of 26 and 13370565.
13
Calculate the highest common factor of 4688 and 5505680.
16
Calculate the highest common divisor of 258 and 1520888199.
129
Calculate the greatest common divisor of 13875 and 6184875.
375
What is the highest common divisor of 1484 and 236804?
212
What is the greatest common divisor of 85895784 and 39?
39
What is the greatest common divisor of 31047 and 523059?
237
Calculate the greatest common factor of 17827854 and 6.
6
What is the highest common factor of 392064 and 29632?
64
Calculate the greatest common divisor of 27434 and 129547.
11
What is the highest common factor of 67422148 and 159?
53
Calculate the greatest common divisor of 10991955 and 195.
195
What is the highest common factor of 59791801 and 1333?
43
What is the highest common factor of 70069 and 415287?
1709
What is the greatest common divisor of 1375 and 408210?
55
Calculate the highest common factor of 4734 and 480983868.
4734
What is the greatest common divisor of 1899804739 and 9166?
4583
What is the highest common factor of 3075 and 166350?
75
What is the greatest common divisor of 11925694 and 15316?
1094
Calculate the greatest common factor of 5365 and 9212778.
1073
What is the highest common factor of 5877 and 18954?
9
What is the highest common factor of 1062 and 248383746?
1062
What is the highest common factor of 2242316 and 16?
4
Calculate the greatest common divisor of 640 and 14494400.
320
Calculate the greatest common factor of 1058 and 153155022.
1058
What is the highest common divisor of 194767850 and 3090?
1030
What is the greatest common divisor of 1818 and 483210?
18
Calculate the greatest common divisor of 228 and 418596.
12
Calculate the greatest common divisor of 101572647 and 217.
31
What is the highest common divisor of 29256880 and 8538?
2846
What is the highest common divisor of 4480 and 1610420?
140
What is the highest common divisor of 1053 and 9930519?
81
Calculate the greatest common divisor of 69250752 and 192.
192
Calculate the greatest common factor of 408287851 and 5393.
5393
Calculate the highest common factor of 304 and 500384.
304
Calculate the greatest common factor of 25402 and 18239.
13
What is the greatest common divisor of 30668055 and 544305?
4155
Calculate the highest common divisor of 45 and 33589785.
15
Calculate the greatest common divisor of 2248506 and 2808.
702
What is the greatest common factor of 88971 and 475143?
1893
Calculate the greatest common divisor of 160 and 158540960.
160
What is the greatest common factor of 25 and 13867925?
25
What is the highest common divisor of 9940120 and 580?
20
Calculate the highest common factor of 63730134 and 585.
117
What is the highest common divisor of 8558 and 738711?
389
What is the greatest common divisor of 13668 and 81271?
67
Calculate the greatest common factor of 19200 and 1760.
160
Calculate the greatest common factor of 5279588 and 510.
34
Calculate the greatest common factor of 1 and 67211.
1
Calculate the highest common divisor of 1641588 and 13260.
2652
Calculate the highest common factor of 132784 and 135679.
193
Calculate the highest common divisor of 14 and 244713336.
14
Calculate the greatest common divisor of 32061015 and 215.
215
Calculate the highest common divisor of 16275 and 8589000.
525
Calculate the highest common divisor of 3016 and 4812376.
232
Calculate the greatest common divisor of 6483 and 14805.
3
Calculate the highest common divisor of 2523 and 795963.
87
Calculate the highest common factor of 472175384 and 2356.
2356
What is the highest common divisor of 295324 and 7888?
68
Calculate the highest common factor of 326041 and 434531.
571
Calculate the greatest common factor of 39955186 and 230.
46
What is the greatest common factor of 513 and 74234007?
171
What is the highest common factor of 6 and 235162?
2
What is the highest common factor of 768 and 2713224?
24
Calculate the greatest common divisor of 68853 and 138.
3
Calculate the highest common divisor of 11296168 and 4888.
4888
What is the greatest common divisor of 58230802 and 965?
193
Calculate the greatest common factor of 9802 and 685802.
338
What is the highest common divisor of 592310 and 370270?
610
Calculate the greatest common factor of 11024 and 4371705.
689
Calculate the greatest common divisor of 23274 and 13581.
27
What is the greatest common divisor of 231 and 111524637?
21
What is the greatest common divisor of 12506109 and 231?
231
Calculate the greatest common factor of 56114396 and 52.
52
What is the highest common factor of 529122 and 24?
6
What is the greatest common divisor of 5580696 and 5720?
88
What is the highest common divisor of 1787820 and 1464784?
332
Calculate the highest common divisor of 883 and 232729661.
883
Calculate the highest common factor of 77 and 30576865.
11
What is the highest common divisor of 46978 and 2889430?
566
What is the greatest common divisor of 1 and 197492849?
1
Calculate the highest common factor of 6 and 3989764.
2
Calculate the highest common divisor of 80 and 81379720.
40
Calculate the greatest common divisor of 22575 and 10111794.
903
What is the highest common factor of 333335 and 489?
163
Calculate the greatest common factor of 3128 and 7298015.
391
Calculate the highest common divisor of 3177 and 67972621.
353
Calculate the greatest common divisor of 108650 and 703150.
2050
Calculate the highest common divisor of 704 and 19500.
4
Calculate the greatest common factor of 9312 and 780753.
291
Calculate the highest common factor of 221544 and 1298664.
1224
What is the highest common factor of 833550 and 900?
150
Calculate the highest common factor of 13996 and 2156.
4
What is the highest common factor of 242 and 102643574?
242
What is the greatest common divisor of 3376 and 26553928?
1688
Calculate the greatest common factor of 2185843750 and 11300.
5650
What is the highest common factor of 51395 and 85180450?
2705
What is the highest common divisor of 12320 and 20209?
7
Calculate the highest common factor of 9106096 and 64.
16
What is the highest common factor of 156694 and 62?
2
Calculate the greatest common factor of 1874022030 and 9.
9
Calculate the highest common divisor of 7627 and 717953.
29
Calculate the greatest common divisor of 2760 and 3654320.
40
What is the greatest common factor of 3647866 and 76162?
226
Calculate the highest common factor of 102 and 4477868.
34
Calculate the highest common divisor of 37329 and 111504.
69
Calculate the greatest common factor of 13 and 7968168.
13
Calculate the highest common factor of 449 and 256720240.
449
What is the highest common divisor of 38019293 and 1768?
221
Calculate the highest common divisor of 9840 and 8456660.
820
Calculate the highest common divisor of 5759 and 1790163.
443
What is the highest common divisor of 2645253 and 55683?
207
Calculate the highest common factor of 520 and 32421740.
260
Calculate the highest common divisor of 1068537 and 14457.
183
What is the greatest common divisor of 2560 and 10000960?
320
Calculate the greatest common factor of 5912792 and 16.
8
Calculate the highest common divisor of 434890 and 1204190.
1570
What is the highest common factor of 1794899 and 82796?
2957
What is the greatest common factor of 487969 and 492923?
2477
Calculate the greatest common factor of 14671215 and 44640.
1395
What is the highest common factor of 38801 and 50291639?
5543
Calculate the greatest common divisor of 408 and 26823654.
102
What is the greatest common divisor of 23 and 19971613?
23
What is the highest common divisor of 11908338 and 1014?
78
What is the highest common divisor of 14034732 and 4?
4
Calculate the greatest common divisor of 47322210 and 1560.
390
What is the